 + 456. Let v = -76 + x. What are the prime factors of v?
2, 19
Suppose 3*j + 2*x - 142 = 3*x, -5*j + 270 = 5*x. What are the prime factors of j?
7
Suppose -12*o + 2589 = -375. List the prime factors of o.
13, 19
Let o(n) = -n**3 + 22*n**2 - 35*n - 9. What are the prime factors of o(20)?
7, 13
Suppose 8*t - 210 - 494 = 0. List the prime factors of t.
2, 11
Let s(i) = -6*i**3 + i**2 + i + 1. Let d be 2*(4 + (-6)/3). Let g = d - 5. List the prime factors of s(g).
7
Suppose 4*s + 19 = -3*a, s + 4 = -0*s - a. Let v(y) = -y - 9 + 2*y - 4*y. What are the prime factors of v(s)?
2, 3
Let t(j) = -2*j**2 + 3*j + 4. Let v be t(-3). Let z = -9 - v. List the prime factors of z.
2, 7
Let x be (1 + -2 - 0)*1. What are the prime factors of 1*(2 + 32) - x?
5, 7
Let y = -14 - -54. Suppose -3*x + y = 3*v + 13, 3*v = x + 7. List the prime factors of v.
2
Let r = -169 - -450. What are the prime factors of r?
281
Let x(c) be the first derivative of 1 - 1/4*c**4 - c - 4/3*c**3 - 1/2*c**2. What are the prime factors of x(-4)?
3
Let b be (1 + 1)/(-2) - -2. Let r be 7 + -2*3/2. List the prime factors of b + 27/(r + -1).
2, 5
Suppose -4*j + 0 + 14 = -2*h, 3*j - 9 = 3*h. Suppose 9 = d + h. What are the prime factors of d?
2
Let w(h) = -h + 5. Let b be w(0). Suppose 4*t + b*g = 20, -4*t = -0*t - g - 20. Let m = t - 0. What are the prime factors of m?
5
Let u(s) = -24*s**2 - s + 1. Let i be u(1). Let j be (-2)/(-3) - i/(-9). What are the prime factors of 11 + j/(2 + 0)?
2, 5
Let f(k) = -4*k**3 - 6*k**2 - 7*k - 6. List the prime factors of f(-3).
3, 23
Let k be 2*(-3)/((-9)/3). Let n = 14 - k. Suppose x - n = -3. List the prime factors of x.
3
Let o = 24 - -28. List the prime factors of o.
2, 13
Suppose 2*t - 3*c + c + 6 = 0, -16 = 2*t - 4*c. Suppose -t*r - 16 = 2*r. Let m(z) = -z**2 - 5*z + 1. List the prime factors of m(r).
5
Let m = -44 - -79. What are the prime factors of m?
5, 7
Let k(s) = s**2 + 11*s + 14. Let i be k(-10). Suppose i*z - 6 = z. Suppose -z*w + w + 15 = 0. What are the prime factors of w?
3, 5
Suppose 2*a = -8 - 12. List the prime factors of (a/(-4))/(14/28).
5
Let a(n) = -n**2 + 3*n + 18. List the prime factors of a(0).
2, 3
Let m(h) = h - 10. Let s be m(7). Let u be (s/(-4))/(1/(-4)). What are the prime factors of 6 - u*(-1)/1?
3
What are the prime factors of (-3096)/(-216)*(-1)/((-1)/3)?
43
Suppose -4*u = -3 - 13. Suppose -35 = -3*b + t, -b + u*t = -4*b + 25. What are the prime factors of b?
11
Let k be 34/8 - 1/4. Suppose -k*m + 7*m = 54. List the prime factors of m.
2, 3
Suppose 41 + 19 = 5*s. What are the prime factors of s?
2, 3
Let o be (-8)/3 - (-4)/6. Let z = o + -3. Let r(g) = -2*g - 6. List the prime factors of r(z).
2
Let l(q) = 5*q + 2*q + q**3 - 3*q - 4*q**2 + 5. What are the prime factors of l(4)?
3, 7
Let w(c) be the second derivative of -c**4/6 - c**3/6 - c. Let u be w(-3). List the prime factors of (16/(-20))/(1/u).
2, 3
Let s be 6/(-8) - (-60)/(-48). What are the prime factors of 2 - s*(-22)/(-4)?
13
Suppose 0 = 5*n - 5*w - 1370, -5*w + 3*w = -4. What are the prime factors of n?
2, 3, 23
Suppose 4*q - z - 1305 = 0, -2*q + 0*z + 665 = -3*z. What are the prime factors of q?
5, 13
What are the prime factors of 7 + 1 - 0/11?
2
Suppose 2*a + 9*i = 4*i + 39, -4*i = -a. List the prime factors of a.
2, 3
Let z = 14 + -10. What are the prime factors of (-321)/(-21) + z/(-14)?
3, 5
Suppose 0 = -k - 3*k. Suppose k*m - 4*m - 48 = -4*q, 0 = 4*q + 5*m - 21. List the prime factors of q/6 - (-6)/4.
3
Let u = -20 + 40. List the prime factors of u.
2, 5
Suppose i + i + 2*a = 0, i - 3*a = 16. What are the prime factors of i?
2
Let t(r) = -r**3 - 3*r**2 - 2*r + 4. What are the prime factors of t(-5)?
2
List the prime factors of (-16 - -51)*28/10.
2, 7
Let c be (12/(-10))/(6/20). Let v = c + 8. Suppose 0 = -5*s - v + 14. What are the prime factors of s?
2
Suppose -3*y = 0, -2*q = -3*q + y - 18. Let v = -13 - q. Suppose 2*f = -f + v*g, 3*g = -f + 14. What are the prime factors of f?
5
Let s be (-1)/(2/(-6)) + -1. Suppose 5*o - 36 = s*o. Suppose -5*h + 1 - o = -2*t, 0 = 5*t + 5*h - 10. What are the prime factors of t?
3
Let y be (58/4)/((-3)/(-6)). Let p = 48 - y. What are the prime factors of p?
19
Let f be 2/4*4*1. Suppose 4*y - 3 = -3*b, -3*y + 2*b - f = -8*y. Suppose y*h = 2*h - 20. List the prime factors of h.
2, 5
Suppose 3*y + 3*z - 18 = 0, 4*y - 2*z = -4*z + 16. Suppose -5*g = -y*g. Suppose g*d = d - 18. What are the prime factors of d?
2, 3
Let r(t) = -t**3 - 6*t**2 - 7*t - 7. Let y be r(-5). Suppose y*k = 5 + 16. Suppose -6*d = -k*d + 17. List the prime factors of d.
17
Let l(x) be the second derivative of 9*x**5/20 + x**3/6 - x**2/2 - 2*x. Let g be ((-10)/15)/(4/(-6)). What are the prime factors of l(g)?
3
Let r = -315 + 485. Suppose -3*m - 2*m + r = 0. What are the prime factors of m?
2, 17
Suppose -4*u - 60 = -9*u. Suppose 0*c - c = -u. What are the prime factors of c?
2, 3
Let z(q) = -2*q**2 - 10*q - 1. List the prime factors of z(-4).
7
List the prime factors of 1043/4 - 1/(-4).
3, 29
Suppose g = 5*s, 5*g = s + 2*s + 22. Suppose -5*r - 4*w + 2*w = -180, -g*w - 108 = -3*r. List the prime factors of r.
2, 3
Let n(o) = -14*o - 1. List the prime factors of n(-4).
5, 11
Let k = -13 + 22. Let l(b) = -b**3 + 8*b**2 + 13*b + 2. What are the prime factors of l(k)?
2, 19
Suppose 0*j + 31 = 5*j + p, -2*p = -j + 15. Let n be (-74)/(-14) - 2/j. Suppose -b + 4*b = -n*x + 51, -3*x = 4*b - 35. What are the prime factors of x?
3
Let q = -7 + 10. Let z(i) = -i**3 - i**2 + 3*i + 2. Let a be z(-2). Let u = q + a. List the prime factors of u.
3
Let x(s) = -s - 3. Let q be x(-4). List the prime factors of (30 + -3 + q)/2.
2, 7
Suppose 5*r = 2*p - 11, 2 = -4*p + 3*r + 17. Suppose -15 = -4*q + p*q. What are the prime factors of q?
3, 5
Suppose 2*b = 5*b. Suppose 110 = -b*f + 5*f. What are the prime factors of f?
2, 11
Let a(v) = -3*v - 17. Let k be a(-7). What are the prime factors of -2*(-14)/k*7?
7
Let w(a) be the third derivative of a**5/30 + a**4/2 + 11*a**3/6 - a**2. List the prime factors of w(-8).
43
Suppose 128 - 428 = -4*z. Suppose 3*s = -2*s + z. What are the prime factors of s?
3, 5
Let n = 108 + -51. Let p = 89 - n. What are the prime factors of p?
2
Let o(n) = 55*n**2 + 1. Let m be o(1). Suppose -2*t - 3*p + 87 = -m, -3*t = -2*p - 208. Suppose -5*d = -5*a - t, a + 5 = 2. List the prime factors of d.
11
Let x(k) = -k + 4. Let m be x(-6). Let s = m - 6. Suppose 3*b - s*f = 7*b - 12, f = 4*b - 22. List the prime factors of b.
5
Suppose -3*u = -u - 6. What are the prime factors of u/(((-2)/(-1))/4)?
2, 3
Suppose -x = x - 8, -3*x + 37 = k. What are the prime factors of k?
5
Suppose -1 - 4 = -b. Suppose 4*s + 6 = -b*h + 125, 4*s = -2*h + 122. List the prime factors of s.
31
Let z(d) = -50*d**3 + d**2 - d - 1. Suppose -2 = -0*c + 2*c. Let o be z(c). Suppose s + o = 4*s. What are the prime factors of s?
17
Let o(b) = -b + 8*b**2 + b**2 - 2 + b**3 - 4*b**2. What are the prime factors of o(-5)?
3
Suppose -5*f + 12 + 18 = 0. Suppose -b = b - f. List the prime factors of b.
3
Suppose -8*z = -19*z + 1210. List the prime factors of z.
2, 5, 11
Suppose 8*o = 4*o + 8. List the prime factors of ((-10)/(-3) - o)*6.
2
Let k(u) be the third derivative of u**4/24 - 5*u**3/6 + 2*u**2. Let m be 4/(-18) + 130/18. List the prime factors of k(m).
2
Suppose 7*q - 553 = 924. List the prime factors of q.
211
Let f(x) = x**2 - 12*x - 15. List the prime factors of f(-8).
5, 29
Suppose -3*g + 29 + 112 = 0. Suppose -5*r - 71 = -z, 4*r + 12 + g = 3*z. Let u = r - -22. List the prime factors of u.
2
Let d be -4 - -3*19/(-3). Let b = d + 39. List the prime factors of b.
2
Suppose 5*i = -5*d - 90, -3*i - 48 = 2*d - 5*i. What are the prime factors of -18*(d/6 + 3)?
3
Suppose -4*z + 16 = 4*l - 8, 3*z = -2*l + 13. Let w(t) = 22*t. What are the prime factors of w(z)?
2, 11
Suppose r + 133 = 5*m, -m + 2*r + 25 = r. List the prime factors of m.
3
Suppose 0 = -3*n + 2*n + 6. Suppose 0 = n*l - 30 - 6. What are the prime factors of l?
2, 3
Let z(v) = -v**3 + 5*v**2 - 5. Suppose -5*g = -15 - 15. Let o = -2 + g. What are the prime factors of z(o)?
11
Suppose z - 14 = -z. Suppose s + 30 = 5*r + 5*s, r + s - z = 0. List the prime factors of r.
2
Let n(g) = g + 1. Let p(i) = 5*i + 5. Let x(z) = 12*